{"id":46,"date":"2022-08-04T14:31:01","date_gmt":"2022-08-04T12:31:01","guid":{"rendered":"https:\/\/www.dd2print.com\/?page_id=46"},"modified":"2022-08-10T11:48:06","modified_gmt":"2022-08-10T09:48:06","slug":"home","status":"publish","type":"page","link":"https:\/\/www.dd2print.com\/","title":{"rendered":"DRUKARNIA WIELKOFORMATOWA UV"},"content":{"rendered":"<p style=\"text-align: center;\">Nasze bogate do\u015bwiadczenie, znajomo\u015b\u0107 druku UV oraz nowatorskie podej\u015bcie<br \/>\npozwala nam na dostarczenie wysokiej jako\u015bci materia\u0142\u00f3w reklamowych i produkt\u00f3w w konkurencyjnych cenach.<br \/>\nWszystko to przy wykorzystaniu najbardziej zaawansowanych technologii w obszarze druku UV.<\/p>\n<p>\u200b<\/p>\n<h2 style=\"text-align: left;\">OFERUJEMY US\u0141UGI DRUKU WIELKOFORMATOWEGO<\/h2>\n<div class=\"galeria\">\n<p><img loading=\"lazy\" class=\"size-full wp-image-38\" src=\"https:\/\/www.dd2print.com\/wp-content\/uploads\/2022\/08\/img8_so.jpg\" alt=\"\" width=\"100%\" height=\"100%\" \/><\/p>\n<div class=\"galeria_podpis\">Druk<\/div>\n<\/div>\n<div class=\"galeria\">\n<p><img loading=\"lazy\" class=\"size-full wp-image-120\" src=\"https:\/\/www.dd2print.com\/wp-content\/uploads\/2022\/08\/img16_so.jpg\" alt=\"\" width=\"100%\" height=\"100%\" \/><\/p>\n<div class=\"galeria_podpis\">Druk plakat\u00f3w<\/div>\n<\/div>\n<div class=\"galeria\">\n<p><img loading=\"lazy\" class=\"size-full wp-image-30\" src=\"https:\/\/www.dd2print.com\/wp-content\/uploads\/2022\/08\/img4_so.jpg\" alt=\"\" width=\"100%\" height=\"100%\" \/><\/p>\n<div class=\"galeria_podpis\">Druk katalog\u00f3w<\/div>\n<\/div>\n<h2 style=\"text-align: left;\">DRUKUJEMY NA DREWNIE<\/h2>\n<div class=\"galeria\">\n<p><img loading=\"lazy\" class=\"size-full wp-image-30\" src=\"https:\/\/www.dd2print.com\/wp-content\/uploads\/2022\/08\/img13_so.jpg\" alt=\"\" width=\"100%\" height=\"100%\" \/><\/p>\n<div class=\"galeria_podpis\">Stojaki<\/div>\n<\/div>\n<div class=\"galeria\">\n<p><img loading=\"lazy\" class=\"size-full wp-image-30\" src=\"https:\/\/www.dd2print.com\/wp-content\/uploads\/2022\/08\/img3_so.jpg\" alt=\"\" width=\"100%\" height=\"100%\" \/><\/p>\n<div class=\"galeria_podpis\">Druk na sklejce<\/div>\n<\/div>\n<div class=\"galeria\">\n<p><img loading=\"lazy\" class=\"size-full wp-image-30\" src=\"https:\/\/www.dd2print.com\/wp-content\/uploads\/2022\/08\/img5_so.jpg\" alt=\"\" width=\"100%\" height=\"100%\" \/><\/p>\n<div class=\"galeria_podpis\">Cen\u00f3wka na skrzynce<\/div>\n<\/div>\n<h2 style=\"text-align: left;\">MAMY PROPOZYCJE DLA SKLEP\u00d3W<\/h2>\n<div class=\"galeria\">\n<p><img loading=\"lazy\" class=\"size-full wp-image-30\" src=\"https:\/\/www.dd2print.com\/wp-content\/uploads\/2022\/08\/img1_so.jpg\" alt=\"\" width=\"100%\" height=\"100%\" \/><\/p>\n<div class=\"galeria_podpis\">Cen\u00f3wki + listwy p\u00f3\u0142kowe<\/div>\n<\/div>\n<div class=\"galeria\">\n<p><img loading=\"lazy\" class=\"size-full wp-image-30\" src=\"https:\/\/www.dd2print.com\/wp-content\/uploads\/2022\/08\/img6_so.jpg\" alt=\"\" width=\"100%\" height=\"100%\" \/><\/p>\n<div class=\"galeria_podpis\">Druk plakat\u00f3w<\/div>\n<\/div>\n<div class=\"galeria\">\n<p><img loading=\"lazy\" class=\"size-full wp-image-30\" src=\"https:\/\/www.dd2print.com\/wp-content\/uploads\/2022\/08\/img7_so.jpg\" alt=\"\" width=\"100%\" height=\"100%\" \/><\/p>\n<div class=\"galeria_podpis\">Szarfy p\u00f3\u0142kowe<\/div>\n<\/div>\n<div class=\"galeria\">\n<p><img loading=\"lazy\" class=\"size-full wp-image-30\" src=\"https:\/\/www.dd2print.com\/wp-content\/uploads\/2022\/08\/img2_so.jpg\" alt=\"\" width=\"100%\" height=\"100%\" \/><\/p>\n<div class=\"galeria_podpis\">Oznaczenia produktowe<\/div>\n<\/div>\n<div class=\"galeria\">\n<p><img loading=\"lazy\" class=\"size-full wp-image-30\" src=\"https:\/\/www.dd2print.com\/wp-content\/uploads\/2022\/08\/img9_so.jpg\" alt=\"\" width=\"100%\" height=\"100%\" \/><\/p>\n<div class=\"galeria_podpis\">Cen\u00f3wki<\/div>\n<\/div>\n<div class=\"galeria\">\n<p><img loading=\"lazy\" class=\"size-full wp-image-30\" src=\"https:\/\/www.dd2print.com\/wp-content\/uploads\/2022\/08\/img10_so.jpg\" alt=\"\" width=\"100%\" height=\"100%\" \/><\/p>\n<div class=\"galeria_podpis\">Etykiety produktowe<\/div>\n<\/div>\n<h2 style=\"text-align: left;\">&#8230;I WIELE INNYCH&#8230;<\/h2>\n<div class=\"galeria\">\n<p><img loading=\"lazy\" class=\"size-full wp-image-30\" src=\"https:\/\/www.dd2print.com\/wp-content\/uploads\/2022\/08\/img12_so.jpg\" alt=\"\" width=\"100%\" height=\"100%\" \/><\/p>\n<div class=\"galeria_podpis\">Naklejki wielkoformatowe<\/div>\n<\/div>\n<div class=\"galeria\">\n<p><img loading=\"lazy\" class=\"size-full wp-image-30\" src=\"https:\/\/www.dd2print.com\/wp-content\/uploads\/2022\/08\/img14_so.jpg\" alt=\"\" width=\"100%\" height=\"100%\" \/><\/p>\n<div class=\"galeria_podpis\">Ekspozytor<\/div>\n<\/div>\n<div class=\"galeria\">\n<p><img loading=\"lazy\" class=\"size-full wp-image-30\" src=\"https:\/\/www.dd2print.com\/wp-content\/uploads\/2022\/08\/img15_so.jpg\" alt=\"\" width=\"100%\" height=\"100%\" \/><\/p>\n<div class=\"galeria_podpis\">Opakowania<\/div>\n<\/div>\n<p style=\"text-align: center;\">Wiemy co robimy, bo robimy to od lat!<br \/>\n20 lat do\u015bwiadczenia to realizacje najtrudniejszych pomys\u0142\u00f3w naszych Klient\u00f3w.<\/p>\n<p style=\"text-align: center;\">Zajmujemy si\u0119 produkcj\u0105 i kreacj\u0105 materia\u0142\u00f3w reklamowych z tworzyw sztucznych, drewna i metalu.<br \/>\nPracujemy w obszarach produkcji materia\u0142\u00f3w reklamowych indoor i outdoor,<br \/>\nsystem\u00f3w reklamowych, ekspozytor\u00f3w, materia\u0142\u00f3w POS, etykiet produktowych,<br \/>\nopakowa\u0144, rebrandingu sieci oraz obs\u0142ugi kampanii sezonowych i produktowych<br \/>\n\u200bdrukujemy, wycinamy, konfekcjonujemy oraz wysy\u0142amy i gotowe;)<\/p>\n<p style=\"text-align: center;\">\u200b<\/p>\n<div id=\"kontakt\" class=\"kontakt_lewa\">\n<h1>KONTAKT<\/h1>\n<p><img loading=\"lazy\" class=\"alignnone wp-image-47\" src=\"https:\/\/www.dd2print.com\/wp-content\/uploads\/2022\/08\/logo.png\" alt=\"DD2P\" width=\"174\" height=\"48\" srcset=\"https:\/\/www.dd2print.com\/wp-content\/uploads\/2022\/08\/logo.png 752w, https:\/\/www.dd2print.com\/wp-content\/uploads\/2022\/08\/logo-300x83.png 300w\" sizes=\"(max-width: 174px) 100vw, 174px\" \/><br \/>\nul. Komornicka 50<br \/>\n62-069 D\u0105br\u00f3wka<br \/>\n<a href=\"mailto:info@dd2print.com\">info@dd2print.com<\/a><br \/>\n(+48) 573 240 981<\/p>\n<\/div>\n<div class=\"kontakt_prawa\"><iframe loading=\"lazy\" style=\"border: 0;\" src=\"https:\/\/www.google.com\/maps\/embed?pb=!1m18!1m12!1m3!1d2435.7136399228257!2d16.74877721667175!3d52.375612254670884!2m3!1f0!2f0!3f0!3m2!1i1024!2i768!4f13.1!3m3!1m2!1s0x47044606bb369f53%3A0xe74f45967be610cc!2sKomornicka%2050%2C%2062-070%20D%C4%85br%C3%B3wka%2C%20Polska!5e0!3m2!1spl!2sus!4v1659945087835!5m2!1spl!2sus\" width=\"100%\" height=\"500px\" allowfullscreen=\"allowfullscreen\"><\/iframe><\/div>\n","protected":false},"excerpt":{"rendered":"<p>Nasze bogate do\u015bwiadczenie, znajomo\u015b\u0107 druku UV oraz nowatorskie podej\u015bcie pozwala nam na dostarczenie wysokiej jako\u015bci materia\u0142\u00f3w reklamowych i produkt\u00f3w w konkurencyjnych cenach. [&hellip;]<\/p>\n","protected":false},"author":1,"featured_media":0,"parent":0,"menu_order":0,"comment_status":"closed","ping_status":"closed","template":"","meta":[],"_links":{"self":[{"href":"https:\/\/www.dd2print.com\/index.php?rest_route=\/wp\/v2\/pages\/46"}],"collection":[{"href":"https:\/\/www.dd2print.com\/index.php?rest_route=\/wp\/v2\/pages"}],"about":[{"href":"https:\/\/www.dd2print.com\/index.php?rest_route=\/wp\/v2\/types\/page"}],"author":[{"embeddable":true,"href":"https:\/\/www.dd2print.com\/index.php?rest_route=\/wp\/v2\/users\/1"}],"replies":[{"embeddable":true,"href":"https:\/\/www.dd2print.com\/index.php?rest_route=%2Fwp%2Fv2%2Fcomments&post=46"}],"version-history":[{"count":133,"href":"https:\/\/www.dd2print.com\/index.php?rest_route=\/wp\/v2\/pages\/46\/revisions"}],"predecessor-version":[{"id":470,"href":"https:\/\/www.dd2print.com\/index.php?rest_route=\/wp\/v2\/pages\/46\/revisions\/470"}],"wp:attachment":[{"href":"https:\/\/www.dd2print.com\/index.php?rest_route=%2Fwp%2Fv2%2Fmedia&parent=46"}],"curies":[{"name":"wp","href":"https:\/\/api.w.org\/{rel}","templated":true}]}}